46710?
6
What is the thousands digit of 70690?
0
What is the thousands digit of 4752?
4
What is the tens digit of 4405?
0
What is the hundreds digit of 131?
1
What is the tens digit of 14926?
2
What is the units digit of 3118?
8
What is the tens digit of 2188?
8
What is the tens digit of 8288?
8
What is the hundreds digit of 2024?
0
What is the tens digit of 38287?
8
What is the tens digit of 4235?
3
What is the hundreds digit of 205?
2
What is the ten thousands digit of 21239?
2
What is the thousands digit of 33768?
3
What is the tens digit of 8891?
9
What is the thousands digit of 25713?
5
What is the units digit of 45314?
4
What is the hundreds digit of 57854?
8
What is the tens digit of 41458?
5
What is the thousands digit of 1881?
1
What is the thousands digit of 9386?
9
What is the units digit of 380?
0
What is the units digit of 319?
9
What is the units digit of 12752?
2
What is the hundreds digit of 1434?
4
What is the hundreds digit of 541?
5
What is the hundreds digit of 1484?
4
What is the tens digit of 5461?
6
What is the tens digit of 7941?
4
What is the thousands digit of 1589?
1
What is the units digit of 9818?
8
What is the tens digit of 39654?
5
What is the thousands digit of 86359?
6
What is the hundreds digit of 903?
9
What is the units digit of 83?
3
What is the hundreds digit of 2880?
8
What is the hundreds digit of 122608?
6
What is the tens digit of 803?
0
What is the thousands digit of 8464?
8
What is the units digit of 4294?
4
What is the ten thousands digit of 50284?
5
What is the units digit of 874?
4
What is the units digit of 8354?
4
What is the hundreds digit of 984?
9
What is the units digit of 24?
4
What is the units digit of 15560?
0
What is the hundreds digit of 7665?
6
What is the ten thousands digit of 14525?
1
What is the units digit of 2449?
9
What is the tens digit of 8175?
7
What is the thousands digit of 1517?
1
What is the ten thousands digit of 28206?
2
What is the units digit of 184?
4
What is the thousands digit of 3619?
3
What is the hundreds digit of 3740?
7
What is the units digit of 781?
1
What is the tens digit of 5851?
5
What is the tens digit of 29718?
1
What is the tens digit of 20441?
4
What is the thousands digit of 46889?
6
What is the hundreds digit of 6827?
8
What is the tens digit of 6245?
4
What is the units digit of 9?
9
What is the hundreds digit of 2707?
7
What is the hundreds digit of 748?
7
What is the ten thousands digit of 83187?
8
What is the hundreds digit of 85989?
9
What is the thousands digit of 31126?
1
What is the hundreds digit of 800?
8
What is the ten thousands digit of 50660?
5
What is the ten thousands digit of 10105?
1
What is the ten thousands digit of 53505?
5
What is the hundreds digit of 3381?
3
What is the ten thousands digit of 82990?
8
What is the hundreds digit of 4533?
5
What is the hundreds digit of 16755?
7
What is the units digit of 705?
5
What is the thousands digit of 66387?
6
What is the tens digit of 602?
0
What is the hundreds digit of 595?
5
What is the thousands digit of 111815?
1
What is the thousands digit of 2611?
2
What is the hundreds digit of 2237?
2
What is the tens digit of 46173?
7
What is the units digit of 43437?
7
What is the thousands digit of 31790?
1
What is the tens digit of 315?
1
What is the tens digit of 1355?
5
What is the thousands digit of 3344?
3
What is the hundreds digit of 16431?
4
What is the units digit of 13558?
8
What is the tens digit of 7406?
0
What is the thousands digit of 47462?
7
What is the thousands digit of 5089?
5
What is the tens digit of 212?
1
What is the hundreds digit of 602?
6
What is the units digit of 4037?
7
What is the units digit of 787?
7
What is the thousands digit of 16217?
6
What is the units digit of 70437?
7
What is the thousands digit of 1585?
1
What is the units digit of 2863?
3
What is the thousands digit of 9118?
9
What is the tens digit of 3992?
9
What is the units digit of 131527?
7
What is the thousands digit of 13911?
3
What is the ten thousands digit of 26690?
2
What is the tens digit of 1787?
8
What is the hundreds digit of 109387?
3
What is the tens digit of 500?
0
What is the units digit of 25?
5
What is the hundreds digit of 8334?
3
What is the tens digit of 59?
5
What is the tens digit of 144?
4
What is the thousands digit of 62526?
2
What is the thousands digit of 2031?
2
What is the tens digit of 56969?
6
What is the hundreds digit of 20686?
6
What is the units digit of 27657?
7
What is the ten thousands digit of 54942?
5
What is the thousands digit of 9450?
9
What is the hundreds digit of 736?
7
What is the units digit of 14151?
1
What is the units digit of 8296?
6
What is the ten thousands digit of 13609?
1
What is the thousands digit of 25464?
5
What is the thousands digit of 123116?
3
What is the units digit of 6236?
6
What is the thousands digit of 24478?
4
What is the tens digit of 47416?
1
What is the thousands digit of 11386?
1
What is the thousands digit of 20001?
0
What is the hundreds digit of 22531?
5
What is the tens digit of 106630?
3
What is the hundreds digit of 1330?
3
What is the tens digit of 72778?
7
What is the tens digit of 27112?
1
What is the thousands digit of 1757?
1
What is the hundreds digit of 41602?
6
What is the thousands digit of 46171?
6
What is the units digit of 906?
6
What is the hundreds digit of 9389?
3
What is the units digit of 92331?
1
What is the tens digit of 117647?
4
What is the thousands digit of 20147?
0
What is the tens digit of 1940?
4
What is the units digit of 5787?
7
What is the thousands digit of 13365?
3
What is the thousands digit of 1288?
1
What is the hundreds digit of 2403?
4
What is the units digit of 5548?
8
What is the hundreds digit of 1439?
4
What is the units digit of 54480?
0
What is the units digit of 9106?
6
What is the hundreds digit of 506?
5
What is the thousands digit of 1907?
1
What is the thousands digit of 87387?
7
What is the thousands digit of 13751?
3
What is the hundreds digit of 1769?
7
What is the hundreds digit of 2137?
1
What is the thousands digit of 1317?
1
What is the tens digit of 1540?
4
What is the hundreds digit of 53785?
7
What is the units digit of 19377?
7
What is the hundreds digit of 9630?
6
What is the tens digit of 24462?
6
What is the tens digit of 179936?
3
What is the thousands digit of 104855?
4
What is the thousands digit of 3276?
3
What is the hundreds digit of 11411?
4
What is the tens digit of 384?
8
What is the tens digit of 4366?
6
What is the tens digit of 38001?
0
What is the hundreds digit of 1630?
6
What is the tens digit of 25387?
8
What is the tens digit of 7619?
1
What is the units digit of 25977?
7
What is the units digit of 40802?
2
What is the hundreds digit of 1757?
7
What is the tens digit of 870?
7
What is the thousands digit of 52346?
2
What is the thousands digit of 1523?
1
What is the tens digit of 6071?
7
What is the thousands digit of 2364?
2
What is the hundreds digit of 8391?
3
What is the units digit of 6189?
9
What is the thousands digit of 9944?
9
What is the thousands digit of 6651?
6
What is the ten thousands digit of 83687?
8
What is the tens digit of 2218?
1
What is the thousands digit of 4655?
4
What is the hundreds digit of 5400?
4
What is the thousands digit of 20200?
0
What is the hundreds digit of 722?
7
What is the units digit of 5464?
4
What is the thousands digit of 29573?
9
What is the thousands digit of 29205?
9
What is the thousands digit of 11277?
1
What is the units digit of 660?
0
What is the thousands digit of 7230?
7
What is the tens digit of 1050?
5
What is the tens digit of 6796?
9
What is the tens digit of 212?
1
What is the tens digit of 33858?
5
What is the thousands digit of 6055?
6
What is the ten thousands digit of 53610?
5
What is the thousands digit of 39102?
9
What is the tens digit of 12882?
8
What is the hundreds digit of 5799?
7
What is the units digit of 1022?
2
What is the hundreds digit of 17926?
9
What is the thousands digit of 1656?
1
What is the tens digit of 5776?
7
What is the tens digit of 11329?
2
What is the tens digit of 1296?
9
What is the ten thousands digit of 17638?
1
What is the ten thousands digit of 16055?
1
What is the hundreds digit of 28828?
8
What is the ten thousands digit of 14319?
1
W